{"id":1948,"date":"2025-06-08T13:11:29","date_gmt":"2025-06-08T16:11:29","guid":{"rendered":"https:\/\/marchefpescados.com.br\/?post_type=product&#038;p=1948"},"modified":"2025-06-08T13:11:29","modified_gmt":"2025-06-08T16:11:29","slug":"mexilhao-nacional-meia-concha-premium-pacote-250g","status":"publish","type":"product","link":"https:\/\/marchefpescados.com.br\/index.php\/produto\/mexilhao-nacional-meia-concha-premium-pacote-250g\/","title":{"rendered":"Mexilh\u00e3o Nacional Meia Concha Premium \u2014 Pacote 250g"},"content":{"rendered":"<p data-start=\"1104\" data-end=\"1258\">Mexilh\u00e3o nacional meia concha premium, congelado, ideal para preparo de pratos como paellas, entradas, saladas e receitas sofisticadas.<\/p>\n<p data-start=\"1260\" data-end=\"1326\">Produto de alta qualidade, pronto para uso ap\u00f3s descongelamento.<\/p>\n<p data-start=\"1328\" data-end=\"1420\">Cada pacote cont\u00e9m mexilh\u00f5es na meia concha, embalados individualmente em pacotes de 250g.<\/p>\n<p data-start=\"1422\" data-end=\"1522\">Excelente op\u00e7\u00e3o para uso profissional (restaurantes, bares, catering) e tamb\u00e9m para uso dom\u00e9stico.<\/p>\n<p data-start=\"1524\" data-end=\"1578\"><strong>Modo de preparo:<\/strong> pronto para uso ap\u00f3s descongelamento.<\/p>\n","protected":false},"excerpt":{"rendered":"<p>Mexilh\u00e3o nacional meia concha premium, congelado, ideal para preparo de pratos como paellas, entradas, saladas e receitas sofisticadas. Produto de alta qualidade, pronto para uso ap\u00f3s descongelamento. Cada pacote cont\u00e9m mexilh\u00f5es na meia concha, embalados individualmente em pacotes de 250g. Excelente op\u00e7\u00e3o para uso profissional (restaurantes, bares, catering) e tamb\u00e9m para uso dom\u00e9stico. Modo de preparo: pronto para uso ap\u00f3s descongelamento.<\/p>\n","protected":false},"featured_media":1825,"template":"","meta":{"_acf_changed":false},"product_brand":[],"product_cat":[27],"product_tag":[],"class_list":{"0":"post-1948","1":"product","2":"type-product","3":"status-publish","4":"has-post-thumbnail","6":"product_cat-linha-bandeja-panelinha","8":"first","9":"instock","10":"shipping-taxable","11":"product-type-simple"},"acf":[],"jetpack_sharing_enabled":true,"_links":{"self":[{"href":"https:\/\/marchefpescados.com.br\/index.php\/wp-json\/wp\/v2\/product\/1948","targetHints":{"allow":["GET"]}}],"collection":[{"href":"https:\/\/marchefpescados.com.br\/index.php\/wp-json\/wp\/v2\/product"}],"about":[{"href":"https:\/\/marchefpescados.com.br\/index.php\/wp-json\/wp\/v2\/types\/product"}],"wp:featuredmedia":[{"embeddable":true,"href":"https:\/\/marchefpescados.com.br\/index.php\/wp-json\/wp\/v2\/media\/1825"}],"wp:attachment":[{"href":"https:\/\/marchefpescados.com.br\/index.php\/wp-json\/wp\/v2\/media?parent=1948"}],"wp:term":[{"taxonomy":"product_brand","embeddable":true,"href":"https:\/\/marchefpescados.com.br\/index.php\/wp-json\/wp\/v2\/product_brand?post=1948"},{"taxonomy":"product_cat","embeddable":true,"href":"https:\/\/marchefpescados.com.br\/index.php\/wp-json\/wp\/v2\/product_cat?post=1948"},{"taxonomy":"product_tag","embeddable":true,"href":"https:\/\/marchefpescados.com.br\/index.php\/wp-json\/wp\/v2\/product_tag?post=1948"}],"curies":[{"name":"wp","href":"https:\/\/api.w.org\/{rel}","templated":true}]}}