{"id":1932,"date":"2025-06-08T12:56:00","date_gmt":"2025-06-08T15:56:00","guid":{"rendered":"https:\/\/marchefpescados.com.br\/?post_type=product&#038;p=1932"},"modified":"2025-06-08T12:56:00","modified_gmt":"2025-06-08T15:56:00","slug":"anel-de-lula-pacote-250g","status":"publish","type":"product","link":"https:\/\/marchefpescados.com.br\/index.php\/produto\/anel-de-lula-pacote-250g\/","title":{"rendered":"Anel de Lula \u2014 Pacote 250g"},"content":{"rendered":"<p data-start=\"145\" data-end=\"250\">An\u00e9is de lula congelados, ideais para preparo de petiscos, entradas e pratos diversos.<\/p>\n<p data-start=\"252\" data-end=\"329\">Produto selecionado, pronto para preparo em grelhados, fritos ou empanados.<\/p>\n<p data-start=\"331\" data-end=\"412\">Cada pacote cont\u00e9m an\u00e9is de lula, embalados individualmente em pacotes de 250g.<\/p>\n<p data-start=\"414\" data-end=\"514\">Excelente op\u00e7\u00e3o para uso profissional (restaurantes, bares, catering) e tamb\u00e9m para uso dom\u00e9stico.<\/p>\n<p data-start=\"516\" data-end=\"570\"><strong>Modo de preparo:<\/strong> pronto para uso ap\u00f3s descongelamento.<\/p>\n","protected":false},"excerpt":{"rendered":"<p>An\u00e9is de lula congelados, ideais para preparo de petiscos, entradas e pratos diversos. Produto selecionado, pronto para preparo em grelhados, fritos ou empanados. Cada pacote cont\u00e9m an\u00e9is de lula, embalados individualmente em pacotes de 250g. Excelente op\u00e7\u00e3o para uso profissional (restaurantes, bares, catering) e tamb\u00e9m para uso dom\u00e9stico. Modo de preparo: pronto para uso ap\u00f3s descongelamento.<\/p>\n","protected":false},"featured_media":1829,"template":"","meta":{"_acf_changed":false},"product_brand":[],"product_cat":[26],"product_tag":[],"class_list":{"0":"post-1932","1":"product","2":"type-product","3":"status-publish","4":"has-post-thumbnail","6":"product_cat-linha-skin-pack","8":"first","9":"instock","10":"shipping-taxable","11":"product-type-simple"},"acf":[],"jetpack_sharing_enabled":true,"_links":{"self":[{"href":"https:\/\/marchefpescados.com.br\/index.php\/wp-json\/wp\/v2\/product\/1932","targetHints":{"allow":["GET"]}}],"collection":[{"href":"https:\/\/marchefpescados.com.br\/index.php\/wp-json\/wp\/v2\/product"}],"about":[{"href":"https:\/\/marchefpescados.com.br\/index.php\/wp-json\/wp\/v2\/types\/product"}],"wp:featuredmedia":[{"embeddable":true,"href":"https:\/\/marchefpescados.com.br\/index.php\/wp-json\/wp\/v2\/media\/1829"}],"wp:attachment":[{"href":"https:\/\/marchefpescados.com.br\/index.php\/wp-json\/wp\/v2\/media?parent=1932"}],"wp:term":[{"taxonomy":"product_brand","embeddable":true,"href":"https:\/\/marchefpescados.com.br\/index.php\/wp-json\/wp\/v2\/product_brand?post=1932"},{"taxonomy":"product_cat","embeddable":true,"href":"https:\/\/marchefpescados.com.br\/index.php\/wp-json\/wp\/v2\/product_cat?post=1932"},{"taxonomy":"product_tag","embeddable":true,"href":"https:\/\/marchefpescados.com.br\/index.php\/wp-json\/wp\/v2\/product_tag?post=1932"}],"curies":[{"name":"wp","href":"https:\/\/api.w.org\/{rel}","templated":true}]}}