{"id":1905,"date":"2025-06-07T20:24:05","date_gmt":"2025-06-07T23:24:05","guid":{"rendered":"https:\/\/marchefpescados.com.br\/?post_type=product&#038;p=1905"},"modified":"2025-06-07T20:25:18","modified_gmt":"2025-06-07T23:25:18","slug":"mexilhao-nacional-desconchado-cozido-pacote-150g","status":"publish","type":"product","link":"https:\/\/marchefpescados.com.br\/index.php\/produto\/mexilhao-nacional-desconchado-cozido-pacote-150g\/","title":{"rendered":"Mexilh\u00e3o Nacional Desconchado Cozido \u2014 Pacote 150g"},"content":{"rendered":"<p data-start=\"1823\" data-end=\"1974\">Mexilh\u00e3o Nacional desconchado, cozido e congelado, ideal para o preparo de pratos diversos como risotos, massas, saladas e entradas.<\/p>\n<p data-start=\"1976\" data-end=\"2042\">Produto de alta qualidade, pronto para uso ap\u00f3s descongelamento.<\/p>\n<p data-start=\"2044\" data-end=\"2144\">Cada pacote cont\u00e9m mexilh\u00f5es desconchados e cozidos, embalados individualmente em pacotes de 150g.<\/p>\n<p data-start=\"2146\" data-end=\"2246\">Excelente op\u00e7\u00e3o para uso profissional (restaurantes, bares, catering) e tamb\u00e9m para uso dom\u00e9stico.<\/p>\n<p data-start=\"2248\" data-end=\"2302\"><strong>Modo de preparo:<\/strong> pronto para uso ap\u00f3s descongelamento.<\/p>\n","protected":false},"excerpt":{"rendered":"<p>Mexilh\u00e3o Nacional desconchado, cozido e congelado, ideal para o preparo de pratos diversos como risotos, massas, saladas e entradas. Produto de alta qualidade, pronto para uso ap\u00f3s descongelamento. Cada pacote cont\u00e9m mexilh\u00f5es desconchados e cozidos, embalados individualmente em pacotes de 150g. Excelente op\u00e7\u00e3o para uso profissional (restaurantes, bares, catering) e tamb\u00e9m para uso dom\u00e9stico. Modo de preparo: pronto para uso ap\u00f3s descongelamento.<\/p>\n","protected":false},"featured_media":1814,"template":"","meta":{"_acf_changed":false},"product_brand":[],"product_cat":[24],"product_tag":[],"class_list":{"0":"post-1905","1":"product","2":"type-product","3":"status-publish","4":"has-post-thumbnail","6":"product_cat-linha-almofada","8":"first","9":"instock","10":"shipping-taxable","11":"product-type-simple"},"acf":[],"jetpack_sharing_enabled":true,"_links":{"self":[{"href":"https:\/\/marchefpescados.com.br\/index.php\/wp-json\/wp\/v2\/product\/1905","targetHints":{"allow":["GET"]}}],"collection":[{"href":"https:\/\/marchefpescados.com.br\/index.php\/wp-json\/wp\/v2\/product"}],"about":[{"href":"https:\/\/marchefpescados.com.br\/index.php\/wp-json\/wp\/v2\/types\/product"}],"wp:featuredmedia":[{"embeddable":true,"href":"https:\/\/marchefpescados.com.br\/index.php\/wp-json\/wp\/v2\/media\/1814"}],"wp:attachment":[{"href":"https:\/\/marchefpescados.com.br\/index.php\/wp-json\/wp\/v2\/media?parent=1905"}],"wp:term":[{"taxonomy":"product_brand","embeddable":true,"href":"https:\/\/marchefpescados.com.br\/index.php\/wp-json\/wp\/v2\/product_brand?post=1905"},{"taxonomy":"product_cat","embeddable":true,"href":"https:\/\/marchefpescados.com.br\/index.php\/wp-json\/wp\/v2\/product_cat?post=1905"},{"taxonomy":"product_tag","embeddable":true,"href":"https:\/\/marchefpescados.com.br\/index.php\/wp-json\/wp\/v2\/product_tag?post=1905"}],"curies":[{"name":"wp","href":"https:\/\/api.w.org\/{rel}","templated":true}]}}